{"id":366,"date":"2024-09-25T09:38:14","date_gmt":"2024-09-25T07:38:14","guid":{"rendered":"https:\/\/ciudaddelosrecuerdos.cordoba.es\/?page_id=366"},"modified":"2025-09-26T09:24:07","modified_gmt":"2025-09-26T07:24:07","slug":"visite-11","status":"publish","type":"page","link":"https:\/\/ciudaddelosrecuerdos.cordoba.es\/fr\/visite-11\/","title":{"rendered":"Visite 11"},"content":{"rendered":"<h1>Visite 11: Familia Cruz-Conde<\/h1>\n<div><img loading=\"lazy\" decoding=\"async\" class=\"aligncenter wp-image-15 size-large\" src=\"https:\/\/ciudaddelosrecuerdos.cordoba.es\/wp-content\/uploads\/2024\/09\/1_visita11_jose_cruzconde.jpg\" alt=\"\" width=\"780\" height=\"853\" \/><\/div>\n<div class=\"boxAudio\">\n<img decoding=\"async\" src=\"https:\/\/ciudaddelosrecuerdos.cordoba.es\/wp-content\/uploads\/2025\/09\/iconoaudio.png\" width=\"55\" style=\"margin-right:20px;\"><audio controls><source src=\"https:\/\/ciudaddelosrecuerdos.cordoba.es\/audios\/fr\/Ruta1_Visita11_FR.mp3\" type=\"audio\/mpeg\">Your browser does not support the audio element.<\/audio>\n<\/div>\n<p><strong>Jos\u00e9 Cruz-Conde Fustegueras (1879-1939)<\/strong> fut l\u2019un des membres les plus notables de la lign\u00e9e cordouane des Cruz Conde. Lieutenant-colonel d\u2019artillerie, il combattit au Maroc, o\u00f9 ses services lui valurent la Croix de Mar\u00eda Cristina de Premi\u00e8re Classe (1909, combat de Taxdirt). Pr\u00e9sident du <em>C\u00edrculo de la Amistad<\/em> (1924-1925) et maire de Cordoue (1924-1926) durant la dictature de Primo de Rivera, qu\u2019il soutint activement, il devint l\u2019homme cl\u00e9 de la Cordoue primorriveriste. Ses r\u00e9alisations comme maire furent remarquables, gr\u00e2ce \u00e0 de forts investissements pour l\u2019am\u00e9lioration de la ville. Il fut ensuite nomm\u00e9 gouverneur de S\u00e9ville et commissaire royal de l\u2019Exposition ib\u00e9ro-am\u00e9ricaine inaugur\u00e9e en 1929, dont le succ\u00e8s doit beaucoup \u00e0 son \u00e9nergie. Membre du conseil d\u2019administration de la Banque de Cr\u00e9dit Local, il conspira apr\u00e8s 1931 avec le colonel Cascajo afin d\u2019assurer le succ\u00e8s du soul\u00e8vement militaire du 18 juillet 1936 \u00e0 Cordoue. Il mourut \u00e0 Madrid en 1939 et ses restes furent ensuite transf\u00e9r\u00e9s \u00e0 Cordoue.<\/p>\n<p><strong>Rafael Cruz-Conde Fustegueras (1880-1978)<\/strong>, comme ses fr\u00e8res Jos\u00e9 et Juan, consacra une partie de sa vie \u00e0 la carri\u00e8re militaire, atteignant le grade de commandant d\u2019infanterie. Il se consacra aussi au n\u00e9goce du vin et des liqueurs. En 1902, il fonda les <em>Bodegas Cruz Conde<\/em>. En 1925, le roi Alphonse XIII accorda \u00e0 la maison le titre de \u00ab Fournisseur de la Maison royale \u00bb. Le peintre Julio Romero de Torres r\u00e9alisa une c\u00e9l\u00e8bre peinture et une publicit\u00e9 fameuse pour l\u2019anis <em>La Cordobesa<\/em>, qui marqu\u00e8rent durablement l\u2019image de la marque. Sur le plan politique, Rafael fut maire de Cordoue (1927-1929) et pr\u00e9sident de la D\u00e9putation provinciale (1929-1930). Son fr\u00e8re Jos\u00e9 exer\u00e7ait alors une grande influence \u00e0 S\u00e9ville et sur Primo de Rivera, ce qui consolida le pouvoir des fr\u00e8res Cruz Conde \u00e0 Cordoue. Rafael eut aussi une forte influence sur <em>La Voz<\/em>, journal familial. Mari\u00e9 \u00e0 \u00c1ngela Conde Mar\u00edn, il fut le p\u00e8re de deux maires du r\u00e9gime franquiste : Alfonso et Antonio Cruz-Conde Conde.<\/p>\n<p><strong>Antonio Cruz-Conde y Conde (1910-2003)<\/strong> fut probablement l\u2019homme politique le plus connu de Cordoue issu de cette lign\u00e9e. Juriste de formation, il s\u2019occupa surtout des affaires familiales li\u00e9es aux bodegas. Affili\u00e9 \u00e0 la Phalange en 1933, il combattit pendant la guerre civile et atteignit le grade de lieutenant de cavalerie, recevant plusieurs d\u00e9corations. Mari\u00e9 \u00e0 Guadalupe Su\u00e1rez de Tangil y Guzm\u00e1n, fille du comte de Vallellano (ancien maire de Madrid sous Primo de Rivera), il devint maire de Cordoue en 1951, succ\u00e9dant \u00e0 son fr\u00e8re Alfonso. Son mandat transforma profond\u00e9ment la ville : am\u00e9lioration du r\u00e9seau d\u2019eau, ach\u00e8vement du <em>Puente Nuevo<\/em>, construction de l\u2019a\u00e9roport, lancement du Plan G\u00e9n\u00e9ral d\u2019Urbanisme (1958), d\u00e9veloppement du tourisme, etc. Remplac\u00e9 en 1962, il devint pr\u00e9sident de la D\u00e9putation provinciale jusqu\u2019en 1967. \u00c0 la fin du franquisme et au d\u00e9but de la transition d\u00e9mocratique, il tenta sans succ\u00e8s de reprendre sa carri\u00e8re politique. Pour beaucoup, il reste le meilleur maire cordouan du XX\u1d49 si\u00e8cle.<\/p>\n<p>&nbsp;<\/p>\n<p>&nbsp;<\/p>\n","protected":false},"excerpt":{"rendered":"<p>Visite 11: Familia Cruz-Conde Your browser does not support the audio element. Jos\u00e9 Cruz-Conde Fustegueras (1879-1939) fut l\u2019un des membres [&hellip;]<\/p>\n","protected":false},"author":1,"featured_media":0,"parent":0,"menu_order":0,"comment_status":"closed","ping_status":"closed","template":"page-templates\/full-width.php","meta":{"footnotes":""},"class_list":["post-366","page","type-page","status-publish","hentry"],"_links":{"self":[{"href":"https:\/\/ciudaddelosrecuerdos.cordoba.es\/fr\/wp-json\/wp\/v2\/pages\/366","targetHints":{"allow":["GET"]}}],"collection":[{"href":"https:\/\/ciudaddelosrecuerdos.cordoba.es\/fr\/wp-json\/wp\/v2\/pages"}],"about":[{"href":"https:\/\/ciudaddelosrecuerdos.cordoba.es\/fr\/wp-json\/wp\/v2\/types\/page"}],"author":[{"embeddable":true,"href":"https:\/\/ciudaddelosrecuerdos.cordoba.es\/fr\/wp-json\/wp\/v2\/users\/1"}],"replies":[{"embeddable":true,"href":"https:\/\/ciudaddelosrecuerdos.cordoba.es\/fr\/wp-json\/wp\/v2\/comments?post=366"}],"version-history":[{"count":2,"href":"https:\/\/ciudaddelosrecuerdos.cordoba.es\/fr\/wp-json\/wp\/v2\/pages\/366\/revisions"}],"predecessor-version":[{"id":540,"href":"https:\/\/ciudaddelosrecuerdos.cordoba.es\/fr\/wp-json\/wp\/v2\/pages\/366\/revisions\/540"}],"wp:attachment":[{"href":"https:\/\/ciudaddelosrecuerdos.cordoba.es\/fr\/wp-json\/wp\/v2\/media?parent=366"}],"curies":[{"name":"wp","href":"https:\/\/api.w.org\/{rel}","templated":true}]}}

<h1>Visite 11: Familia Cruz-Conde</h1>
<div><img loading="lazy" decoding="async" class="aligncenter wp-image-15 size-large" src="https://ciudaddelosrecuerdos.cordoba.es/wp-content/uploads/2024/09/1_visita11_jose_cruzconde.jpg" alt="" width="780" height="853" /></div>
<div class="boxAudio">
<img decoding="async" src="https://ciudaddelosrecuerdos.cordoba.es/wp-content/uploads/2025/09/iconoaudio.png" width="55" style="margin-right:20px;"><audio controls><source src="https://ciudaddelosrecuerdos.cordoba.es/audios/fr/Ruta1_Visita11_FR.mp3" type="audio/mpeg">Your browser does not support the audio element.</audio>
</div>
<p><strong>José Cruz-Conde Fustegueras (1879-1939)</strong> fut l’un des membres les plus notables de la lignée cordouane des Cruz Conde. Lieutenant-colonel d’artillerie, il combattit au Maroc, où ses services lui valurent la Croix de María Cristina de Première Classe (1909, combat de Taxdirt). Président du <em>Círculo de la Amistad</em> (1924-1925) et maire de Cordoue (1924-1926) durant la dictature de Primo de Rivera, qu’il soutint activement, il devint l’homme clé de la Cordoue primorriveriste. Ses réalisations comme maire furent remarquables, grâce à de forts investissements pour l’amélioration de la ville. Il fut ensuite nommé gouverneur de Séville et commissaire royal de l’Exposition ibéro-américaine inaugurée en 1929, dont le succès doit beaucoup à son énergie. Membre du conseil d’administration de la Banque de Crédit Local, il conspira après 1931 avec le colonel Cascajo afin d’assurer le succès du soulèvement militaire du 18 juillet 1936 à Cordoue. Il mourut à Madrid en 1939 et ses restes furent ensuite transférés à Cordoue.</p>
<p><strong>Rafael Cruz-Conde Fustegueras (1880-1978)</strong>, comme ses frères José et Juan, consacra une partie de sa vie à la carrière militaire, atteignant le grade de commandant d’infanterie. Il se consacra aussi au négoce du vin et des liqueurs. En 1902, il fonda les <em>Bodegas Cruz Conde</em>. En 1925, le roi Alphonse XIII accorda à la maison le titre de « Fournisseur de la Maison royale ». Le peintre Julio Romero de Torres réalisa une célèbre peinture et une publicité fameuse pour l’anis <em>La Cordobesa</em>, qui marquèrent durablement l’image de la marque. Sur le plan politique, Rafael fut maire de Cordoue (1927-1929) et président de la Députation provinciale (1929-1930). Son frère José exerçait alors une grande influence à Séville et sur Primo de Rivera, ce qui consolida le pouvoir des frères Cruz Conde à Cordoue. Rafael eut aussi une forte influence sur <em>La Voz</em>, journal familial. Marié à Ángela Conde Marín, il fut le père de deux maires du régime franquiste : Alfonso et Antonio Cruz-Conde Conde.</p>
<p><strong>Antonio Cruz-Conde y Conde (1910-2003)</strong> fut probablement l’homme politique le plus connu de Cordoue issu de cette lignée. Juriste de formation, il s’occupa surtout des affaires familiales liées aux bodegas. Affilié à la Phalange en 1933, il combattit pendant la guerre civile et atteignit le grade de lieutenant de cavalerie, recevant plusieurs décorations. Marié à Guadalupe Suárez de Tangil y Guzmán, fille du comte de Vallellano (ancien maire de Madrid sous Primo de Rivera), il devint maire de Cordoue en 1951, succédant à son frère Alfonso. Son mandat transforma profondément la ville : amélioration du réseau d’eau, achèvement du <em>Puente Nuevo</em>, construction de l’aéroport, lancement du Plan Général d’Urbanisme (1958), développement du tourisme, etc. Remplacé en 1962, il devint président de la Députation provinciale jusqu’en 1967. À la fin du franquisme et au début de la transition démocratique, il tenta sans succès de reprendre sa carrière politique. Pour beaucoup, il reste le meilleur maire cordouan du XXᵉ siècle.</p>
<p>&nbsp;</p>
<p>&nbsp;</p>

<p>Visite 11: Familia Cruz-Conde Your browser does not support the audio element. José Cruz-Conde Fustegueras (1879-1939) fut l’un des membres [&hellip;]</p>
