{"id":364,"date":"2024-09-25T09:38:14","date_gmt":"2024-09-25T07:38:14","guid":{"rendered":"https:\/\/ciudaddelosrecuerdos.cordoba.es\/?page_id=364"},"modified":"2025-09-26T09:23:22","modified_gmt":"2025-09-26T07:23:22","slug":"visite-10","status":"publish","type":"page","link":"https:\/\/ciudaddelosrecuerdos.cordoba.es\/fr\/visite-10\/","title":{"rendered":"Visite 10"},"content":{"rendered":"<h1>Visite 10: Pante\u00f3n Rafael Molina S\u00e1nchez \u201cLagartijo\u201d<\/h1>\n<div><img loading=\"lazy\" decoding=\"async\" class=\"aligncenter wp-image-15 size-large\" src=\"https:\/\/ciudaddelosrecuerdos.cordoba.es\/wp-content\/uploads\/2024\/09\/1_visita10_lagartijo.jpg\" alt=\"\" width=\"780\" height=\"853\" \/><\/div>\n<div class=\"boxAudio\">\n<img decoding=\"async\" src=\"https:\/\/ciudaddelosrecuerdos.cordoba.es\/wp-content\/uploads\/2025\/09\/iconoaudio.png\" width=\"55\" style=\"margin-right:20px;\"><audio controls><source src=\"https:\/\/ciudaddelosrecuerdos.cordoba.es\/audios\/fr\/Ruta1_Visita10_FR.mp3\" type=\"audio\/mpeg\">Your browser does not support the audio element.<\/audio>\n<\/div>\n<p><strong>Rafael Molina S\u00e1nchez, dit <em>\u00ab Lagartijo \u00bb<\/em> (1841-1900),<\/strong> consid\u00e9r\u00e9 comme le \u00ab Premier Calife \u00bb \u2014titre honorifique accord\u00e9 aux cinq toreros les plus populaires de Cordoue (<em>Lagartijo<\/em>, <em>Guerrita<\/em>, <em>Machaquito<\/em>, <em>Manolete<\/em> et <em>El Cordob\u00e9s<\/em>)\u2014, fut un matador d\u2019exceptionnelles qualit\u00e9s et d\u2019une grande \u00e9l\u00e9gance. Il prit l\u2019alternative (c\u00e9r\u00e9monie qui le consacra officiellement matador) en 1865, et partagea la c\u00e9l\u00e9brit\u00e9 avec Frascuelo Au cours de sa carri\u00e8re, il tua 4687 taureaux en 1632 corridas. Il se retira en 1893. On lui demanda un jour ce qu\u2019\u00e9tait la tauromachie ; il r\u00e9pondit : \u00ab Eh bien&#8230; le taureau arrive, vous l&rsquo;\u00e9vitez. Si vous ne l&rsquo;\u00e9vitez pas&#8230; c&rsquo;est lui qui s&rsquo;occupe de vous \u00bb. Il entretint un temps une forte rivalit\u00e9 avec <em>Guerrita<\/em> ; cependant, \u00e0 sa mort, celui-ci lui d\u00e9dia une couronne portant l\u2019inscription : \u00ab \u00c0 l\u2019in\u00e9galable ma\u00eetre Lagartijo, son disciple Guerrita. \u00bb<\/p>\n<p>Aux XIX\u1d49 et XX\u1d49 si\u00e8cles, la corrida \u00e9tait un \u00e9v\u00e9nement festif d\u2019une immense popularit\u00e9. Pendant la <em>Feria de la Salud<\/em> de Cordoue, les compagnies ferroviaires affr\u00e9taient des trains sp\u00e9ciaux pour transporter des milliers de visiteurs venus de la province et d\u2019ailleurs, dont beaucoup assistaient aux corridas.<\/p>\n<p>Le monument o\u00f9 reposent ses restes est l\u2019\u0153uvre de Mateo Inurria, bien que certains sp\u00e9cialistes pensent que son p\u00e8re y collabora \u00e9galement.<\/p>\n","protected":false},"excerpt":{"rendered":"<p>Visite 10: Pante\u00f3n Rafael Molina S\u00e1nchez \u201cLagartijo\u201d Your browser does not support the audio element. Rafael Molina S\u00e1nchez, dit \u00ab [&hellip;]<\/p>\n","protected":false},"author":1,"featured_media":0,"parent":0,"menu_order":0,"comment_status":"closed","ping_status":"closed","template":"page-templates\/full-width.php","meta":{"footnotes":""},"class_list":["post-364","page","type-page","status-publish","hentry"],"_links":{"self":[{"href":"https:\/\/ciudaddelosrecuerdos.cordoba.es\/fr\/wp-json\/wp\/v2\/pages\/364","targetHints":{"allow":["GET"]}}],"collection":[{"href":"https:\/\/ciudaddelosrecuerdos.cordoba.es\/fr\/wp-json\/wp\/v2\/pages"}],"about":[{"href":"https:\/\/ciudaddelosrecuerdos.cordoba.es\/fr\/wp-json\/wp\/v2\/types\/page"}],"author":[{"embeddable":true,"href":"https:\/\/ciudaddelosrecuerdos.cordoba.es\/fr\/wp-json\/wp\/v2\/users\/1"}],"replies":[{"embeddable":true,"href":"https:\/\/ciudaddelosrecuerdos.cordoba.es\/fr\/wp-json\/wp\/v2\/comments?post=364"}],"version-history":[{"count":3,"href":"https:\/\/ciudaddelosrecuerdos.cordoba.es\/fr\/wp-json\/wp\/v2\/pages\/364\/revisions"}],"predecessor-version":[{"id":538,"href":"https:\/\/ciudaddelosrecuerdos.cordoba.es\/fr\/wp-json\/wp\/v2\/pages\/364\/revisions\/538"}],"wp:attachment":[{"href":"https:\/\/ciudaddelosrecuerdos.cordoba.es\/fr\/wp-json\/wp\/v2\/media?parent=364"}],"curies":[{"name":"wp","href":"https:\/\/api.w.org\/{rel}","templated":true}]}}

<h1>Visite 10: Panteón Rafael Molina Sánchez “Lagartijo”</h1>
<div><img loading="lazy" decoding="async" class="aligncenter wp-image-15 size-large" src="https://ciudaddelosrecuerdos.cordoba.es/wp-content/uploads/2024/09/1_visita10_lagartijo.jpg" alt="" width="780" height="853" /></div>
<div class="boxAudio">
<img decoding="async" src="https://ciudaddelosrecuerdos.cordoba.es/wp-content/uploads/2025/09/iconoaudio.png" width="55" style="margin-right:20px;"><audio controls><source src="https://ciudaddelosrecuerdos.cordoba.es/audios/fr/Ruta1_Visita10_FR.mp3" type="audio/mpeg">Your browser does not support the audio element.</audio>
</div>
<p><strong>Rafael Molina Sánchez, dit <em>« Lagartijo »</em> (1841-1900),</strong> considéré comme le « Premier Calife » —titre honorifique accordé aux cinq toreros les plus populaires de Cordoue (<em>Lagartijo</em>, <em>Guerrita</em>, <em>Machaquito</em>, <em>Manolete</em> et <em>El Cordobés</em>)—, fut un matador d’exceptionnelles qualités et d’une grande élégance. Il prit l’alternative (cérémonie qui le consacra officiellement matador) en 1865, et partagea la célébrité avec Frascuelo Au cours de sa carrière, il tua 4687 taureaux en 1632 corridas. Il se retira en 1893. On lui demanda un jour ce qu’était la tauromachie ; il répondit : « Eh bien&#8230; le taureau arrive, vous l&rsquo;évitez. Si vous ne l&rsquo;évitez pas&#8230; c&rsquo;est lui qui s&rsquo;occupe de vous ». Il entretint un temps une forte rivalité avec <em>Guerrita</em> ; cependant, à sa mort, celui-ci lui dédia une couronne portant l’inscription : « À l’inégalable maître Lagartijo, son disciple Guerrita. »</p>
<p>Aux XIXᵉ et XXᵉ siècles, la corrida était un événement festif d’une immense popularité. Pendant la <em>Feria de la Salud</em> de Cordoue, les compagnies ferroviaires affrétaient des trains spéciaux pour transporter des milliers de visiteurs venus de la province et d’ailleurs, dont beaucoup assistaient aux corridas.</p>
<p>Le monument où reposent ses restes est l’œuvre de Mateo Inurria, bien que certains spécialistes pensent que son père y collabora également.</p>

<p>Visite 10: Panteón Rafael Molina Sánchez “Lagartijo” Your browser does not support the audio element. Rafael Molina Sánchez, dit « [&hellip;]</p>
